he hundreds digit of 10945?
9
What is the units digit of 132325?
5
What is the ten thousands digit of 26493?
2
What is the units digit of 273?
3
What is the tens digit of 702?
0
What is the thousands digit of 14780?
4
What is the hundreds digit of 16654?
6
What is the hundreds digit of 13320?
3
What is the units digit of 2109?
9
What is the thousands digit of 1630?
1
What is the tens digit of 19950?
5
What is the hundreds digit of 905?
9
What is the thousands digit of 32702?
2
What is the hundreds digit of 1261?
2
What is the units digit of 943?
3
What is the tens digit of 9493?
9
What is the thousands digit of 3195?
3
What is the tens digit of 20460?
6
What is the tens digit of 3548?
4
What is the tens digit of 59435?
3
What is the tens digit of 1064?
6
What is the hundreds digit of 1085?
0
What is the units digit of 83162?
2
What is the thousands digit of 1818?
1
What is the hundreds digit of 6660?
6
What is the hundreds digit of 1254?
2
What is the tens digit of 10904?
0
What is the tens digit of 9850?
5
What is the tens digit of 8535?
3
What is the units digit of 1248?
8
What is the units digit of 25312?
2
What is the units digit of 668?
8
What is the thousands digit of 32150?
2
What is the thousands digit of 31619?
1
What is the units digit of 132?
2
What is the thousands digit of 14679?
4
What is the thousands digit of 7093?
7
What is the units digit of 976?
6
What is the hundreds digit of 24609?
6
What is the tens digit of 29799?
9
What is the units digit of 391?
1
What is the hundreds digit of 221?
2
What is the hundreds digit of 30990?
9
What is the hundreds digit of 1943?
9
What is the units digit of 259?
9
What is the units digit of 2244?
4
What is the tens digit of 5782?
8
What is the hundreds digit of 6858?
8
What is the hundreds digit of 2566?
5
What is the hundreds digit of 193?
1
What is the hundreds digit of 2017?
0
What is the tens digit of 1032?
3
What is the hundreds digit of 37425?
4
What is the units digit of 16227?
7
What is the tens digit of 3830?
3
What is the tens digit of 22427?
2
What is the thousands digit of 23219?
3
What is the units digit of 16002?
2
What is the tens digit of 6571?
7
What is the hundreds digit of 5431?
4
What is the tens digit of 15470?
7
What is the tens digit of 6946?
4
What is the tens digit of 7036?
3
What is the thousands digit of 3164?
3
What is the tens digit of 4277?
7
What is the hundreds digit of 832?
8
What is the hundreds digit of 454?
4
What is the tens digit of 21582?
8
What is the ten thousands digit of 124624?
2
What is the ten thousands digit of 15821?
1
What is the units digit of 721?
1
What is the ten thousands digit of 27670?
2
What is the tens digit of 41688?
8
What is the hundreds digit of 56763?
7
What is the thousands digit of 3760?
3
What is the units digit of 5810?
0
What is the units digit of 1199?
9
What is the units digit of 4256?
6
What is the hundreds digit of 255?
2
What is the ten thousands digit of 36828?
3
What is the units digit of 20454?
4
What is the thousands digit of 1158?
1
What is the units digit of 444?
4
What is the units digit of 94?
4
What is the hundreds digit of 39387?
3
What is the thousands digit of 16870?
6
What is the tens digit of 65312?
1
What is the hundreds digit of 6213?
2
What is the units digit of 872?
2
What is the units digit of 937?
7
What is the thousands digit of 23584?
3
What is the tens digit of 542?
4
What is the thousands digit of 36309?
6
What is the tens digit of 2144?
4
What is the thousands digit of 2546?
2
What is the units digit of 8088?
8
What is the thousands digit of 22939?
2
What is the thousands digit of 1827?
1
What is the tens digit of 2168?
6
What is the hundreds digit of 1893?
8
What is the tens digit of 1322?
2
What is the tens digit of 1277?
7
What is the hundreds digit of 94857?
8
What is the tens digit of 3529?
2
What is the tens digit of 19748?
4
What is the hundred thousands digit of 115967?
1
What is the thousands digit of 10380?
0
What is the units digit of 1797?
7
What is the hundreds digit of 4144?
1
What is the thousands digit of 35720?
5
What is the units digit of 1843?
3
What is the thousands digit of 99416?
9
What is the tens digit of 4525?
2
What is the hundreds digit of 39210?
2
What is the thousands digit of 100623?
0
What is the hundreds digit of 191?
1
What is the hundreds digit of 305?
3
What is the hundreds digit of 23836?
8
What is the units digit of 7152?
2
What is the tens digit of 6121?
2
What is the thousands digit of 2762?
2
What is the hundreds digit of 1650?
6
What is the thousands digit of 4254?
4
What is the thousands digit of 7662?
7
What is the hundreds digit of 752?
7
What is the units digit of 15540?
0
What is the units digit of 2512?
2
What is the thousands digit of 49572?
9
What is the thousands digit of 1207?
1
What is the hundreds digit of 352?
3
What is the thousands digit of 1150?
1
What is the units digit of 40666?
6
What is the tens digit of 1088?
8
What is the hundred thousands digit of 105166?
1
What is the thousands digit of 2542?
2
What is the units digit of 57267?
7
What is the ten thousands digit of 16600?
1
What is the tens digit of 52930?
3
What is the hundreds digit of 1659?
6
What is the thousands digit of 15066?
5
What is the thousands digit of 2954?
2
What is the ten thousands digit of 43715?
4
What is the units digit of 14699?
9
What is the hundreds digit of 3696?
6
What is the tens digit of 3644?
4
What is the ten thousands digit of 16222?
1
What is the thousands digit of 10201?
0
What is the ten thousands digit of 134561?
3
What is the ten thousands digit of 15882?
1
What is the thousands digit of 10107?
0
What is the hundreds digit of 5976?
9
What is the hundreds digit of 5130?
1
What is the units digit of 2220?
0
What is the hundreds digit of 630?
6
What is the units digit of 57834?
4
What is the tens digit of 134415?
1
What is the units digit of 31932?
2
What is the ten thousands digit of 15762?
1
What is the units digit of 14977?
7
What is the tens digit of 5549?
4
What is the hundreds digit of 63166?
1
What is the units digit of 4294?
4
What is the units digit of 637?
7
What is the ten thousands digit of 17373?
1
What is the units digit of 1789?
9
What is the tens digit of 6756?
5
What is the units digit of 2286?
6
What is the ten thousands digit of 76795?
7
What is the hundreds digit of 3237?
2
What is the thousands digit of 9122?
9
What is the tens digit of 570?
7
What is the units digit of 25136?
6
What is the tens digit of 614?
1
What is the thousands digit of 30607?
0
What is the units digit of 1032?
2
What is the ten thousands digit of 26845?
2
What is the thousands digit of 1476?
1
What is the units digit of 48959?
9
What is the units digit of 189?
9
What is the tens digit of 4307?
0
What is the hundreds digit of 3180?
1
What is the units digit of 426?
6
What is the hundreds digit of 1941?
9
What is the tens digit of 348?
4
What is the hundreds digit of 23886?
8
What is the tens digit of 1339?
3
What is the tens digit of 1153?
5
What is the hundreds digit of 388?
3
What is the tens digit of 3677?
7
What is the thousands digit of 1542?
1
What is the units digit of 1229?
9
What is the tens digit of 1154?
5
What is the ten thousands digit of 11892?
1
What is the hundreds digit of 137?
1
What is the units digit of 510?
0
What is the units digit of 11621?
1
What is the hundreds digit of 3319?
3
What is the units digit of 76284?
4
What is the tens digit of 3313?
1
What is the hundreds digit of 1100?
1
What is the hundreds digit of 879?
8
What is the hundreds digit of 40116?
1
What is the thousands digit of 74643?
4
What is the units digit of 1876?
6
What is the units digit of 3662?
2
What is the thousands digit of 48481?
8
What is the units digit of 14095?
5
What is the tens digit of 13198?
9
What is the ten thousands digit of 76108?
7
What is the units digit of 8276?
6
What is the tens digit of 12637?
3
What is the units digit of 1963?
3
What is the hundreds digit of 5815?
8
What is the hundreds digit of 120?
1
What is the thousands digit of 19951?
9
What is the thousands digit of 10914?
0
What is the thousands digit of 20982?
0
What is the hundreds digit of 1302?
3
What is the hundreds digit of 53574?
5
What is the hundreds digit of 64838?
8
Wh